278)/(-7). Let a = 24 - u. What is the units digit of (a - -1)/((-18)/12)?
0
Let x(b) = b**2 + b - 4. Let q be x(-3). Suppose 4 - q = 2*g. What is the units digit of g?
1
Suppose -5*c + 3*b = -40, -c + 2*b - 3*b + 16 = 0. Let l = c - 4. Suppose 0 = 2*j + 5 + 5, 3*j + l = -2*w. What is the units digit of w?
4
Let c(y) = -2*y - 3 + 3*y**2 - 2*y**2 - 5*y**2 - y**3. What is the units digit of c(-4)?
5
Suppose 3*y + 2*y = 4*o + 9, -y + 3*o - 7 = 0. Let l = y - -21. What is the units digit of l?
6
Suppose 4*j - 195 - 201 = 0. What is the tens digit of j?
9
Let j(z) = z**2 + 4*z - 4. Let i(y) = y**3 - 7*y**2 + 5*y + 1. Let l be i(6). What is the units digit of j(l)?
1
Suppose -395 = -3*n + 5*y, -n + 4 + 131 = -y. What is the units digit of n?
0
Let x(h) = -17*h - 5. What is the units digit of x(-1)?
2
Let h(m) = 10*m**2 + 5*m - 9. What is the units digit of h(3)?
6
Let b = -47 - -12. Let k = -21 - b. What is the units digit of k?
4
Suppose -4*v - 4*r = -0*r + 24, 5*r = 10. Let c = 11 + v. What is the units digit of c?
3
Suppose 0 = -3*n + 9 + 3. Suppose 4*g + 85 = 5*u - 2*u, -n*g - 4 = 0. What is the units digit of u?
7
Let o = -13 - -13. What is the tens digit of 30 + o + (-2 - 0)?
2
Let f be (-2 - -1)/((-1)/3). Suppose 5*z + 7 + f = 0. What is the tens digit of (24/(-10))/(z/15)?
1
Suppose -6*m = -26 - 262. What is the tens digit of m?
4
Let s = 14 + 13. What is the tens digit of s?
2
Let b = -5 + 4. Let t be (-1)/(((-3)/b)/(-27)). Suppose y + 0 - t = -4*g, -2*y = 3*g - 3. What is the units digit of g?
3
Let p = -17 - -31. Suppose p = 3*z - 2*h, 5*h + 18 = 3*z + 1. What is the units digit of z?
4
Let h(t) = -t - 3. Let b be h(-5). Suppose z + 4 = b*z. What is the units digit of z?
4
Let c(d) be the first derivative of -d**2/2 + 3*d + 3. Let z(q) = q**3 - 4*q**2 - 6*q + 5. Let r be z(5). What is the units digit of c(r)?
3
Suppose 2*p = -4, -p + 23 = q + 4*q. Suppose 5*j = 4*x - 109, 3*x = -q*j + 68 + 5. What is the tens digit of x?
2
Let i(p) = p + 35. Let k = -18 + 3. What is the units digit of i(k)?
0
Let o(b) = b**2 - 3*b - 3. Let h be o(5). Suppose a - 3*m = -h, 4*a - 40 = -0*a - 5*m. What is the units digit of a?
5
Let z(w) be the second derivative of -7*w**4/24 - w**2/2 - w. Let y(l) be the first derivative of z(l). What is the units digit of y(-1)?
7
Let j = -10 + 14. Let l(y) = y. Let s(a) = a - 1. Let v(w) = -2*l(w) + 3*s(w). What is the units digit of v(j)?
1
Suppose 0 = 9*z - 4*z. Suppose 6 = 2*g - 2*t, -2*g - 3*t + z = -6. What is the units digit of g?
3
Let y(u) = u**2 - u - 14. What is the units digit of y(-6)?
8
Let n(w) be the second derivative of w**5/20 + 3*w**4/4 + w**3/6 - 3*w**2 - w. Let r be n(-8). Suppose 0 = -5*t - 5 + r. What is the units digit of t?
9
Suppose -2*p + 32 = -0*p. Suppose -2*q + q = -p. Let s = q - 9. What is the units digit of s?
7
Let d = -11 + 35. Suppose -2*c + d = -6*c. What is the units digit of 4*1/c*-9?
6
Let c = 15 - -30. Let b be (-40)/(-6)*c/10. Suppose b = -q + 3*q. What is the tens digit of q?
1
Let p(s) = -s**3 - 7*s**2 + 8*s + 8. Let h be p(-8). What is the units digit of (-87)/(-12) - 2/h?
7
Let c(n) = 2*n - 5. Let u(p) = -p + 4. Let g(a) = 2*c(a) + 3*u(a). What is the units digit of g(-1)?
1
Let x(q) = -q**3 - 4*q**2 + 4*q + 2. Let t be x(-5). Let p(c) = 3*c - t*c - 4 + c + 2*c. What is the units digit of p(-8)?
4
Suppose -38 = 5*y - 3. Let t = y - -16. Let u = t - 1. What is the units digit of u?
8
Suppose -3*p - 27 = -0*p. Suppose 3*j = 3*o + 1 + 17, -j - 34 = 4*o. Let c = o - p. What is the units digit of c?
1
Suppose -1 - 24 = -5*z. Suppose -z*u = -2*w - w + 38, 0 = -3*w + 3*u + 30. What is the units digit of w?
6
Let c = -3 + 41. What is the units digit of c?
8
Suppose -5 - 4 = -3*x. Suppose -32 = -x*b - b. What is the units digit of b?
8
Let x = 11 + -8. Let l(u) = -2*u + u - 2 - 7*u + x - u**2. What is the units digit of l(-8)?
1
Suppose -3*j + 59 = -v, 0 = 2*v + 4*j + 53 + 15. Let y = v - -15. Let p = 48 + y. What is the tens digit of p?
1
Let m(z) = z**2 + 5*z - 4. Let t be (-1 - 5)*4/(-6). Let x be m(t). Let n = x - 23. What is the units digit of n?
9
Suppose 0 = -4*n + 14 - 6. Suppose 5*b + 16 = n*t + 2*b, -t + 8 = 2*b. What is the units digit of t?
8
Let t(y) = y**3 - 10*y**2 + 3*y + 10. What is the tens digit of t(10)?
4
Let z(b) = b**3 + 2*b**2 - 2*b + 4. Let g be z(-3). What is the tens digit of 11/(-1)*(g + -2)?
1
Let x(f) = f**3 - 12*f**2 + 10*f + 14. Let o be x(11). Suppose -o*c = -2*w - 0*c + 13, 4*w - 37 = -5*c. What is the units digit of w?
8
What is the tens digit of (-16)/(-2*4/16)?
3
Suppose 5*v - 2*v - 72 = 0. What is the tens digit of v?
2
Suppose 3 = 3*u, -2*f + 3 + 10 = -5*u. Let d = -1 + 4. What is the units digit of (8/3)/(d/f)?
8
Let u be ((-3)/(-5))/(1/5). Let m be 4/6*u + -8. Let l = 2 - m. What is the units digit of l?
8
Let l = 1 + 50. What is the units digit of l?
1
Suppose 30 = 22*u - 17*u. Suppose 62 + 22 = u*b. What is the tens digit of b?
1
Let z(w) = w**3 - 4*w**2 - 6*w + 3. Let d be z(5). What is the units digit of ((-3)/d)/(24/160)?
0
Let t = 113 - 55. What is the units digit of t?
8
Let h(k) = k**2 + 3*k - 2. Let j = 36 - 26. Let x be ((-1)/2)/(1/j). What is the units digit of h(x)?
8
Let z = 2 - 0. Suppose 2*g = -z*f + 6, 3*g - 2 = -f + 9. What is the tens digit of g/(-12) + (-111)/(-9)?
1
Let y be 120/(-18) + 1/(-3). Let h(a) = -a**2 - 8*a + 9. What is the tens digit of h(y)?
1
Let z(q) = 3*q**2 + 5*q + 2*q**2 - q**2 - 3*q**2 - 9. Let p be z(-7). Suppose -12 = -p*j + 8. What is the units digit of j?
4
Let g(v) = 4*v**3 - v**2. Let o(y) = -y**3 + 9*y**2 + 11*y - 9. Let d be o(10). What is the units digit of g(d)?
3
Let c = 63 + 75. What is the tens digit of c?
3
What is the units digit of (-4)/22 - (-343)/11?
1
Suppose -2*f - 4*g = -474, 3*g + g = -3*f + 701. What is the hundreds digit of f?
2
Suppose 0*x + 2*x = 250. What is the tens digit of x?
2
Suppose 14 = 5*w - 1. Suppose w*c - 6 = c. What is the units digit of c?
3
Let r(c) = -c**2 - 4*c - 31. Let d be r(-5). Suppose -2*m - 1 = -3. What is the units digit of (m/(-2))/(3/d)?
6
Suppose 0 = -3*o + 4 + 2. Let h be 2*((-21)/o - -2). Let u = h + 25. What is the units digit of u?
8
Suppose -5*t = 4*f - 566, 2*t + 534 = 7*t - 4*f. What is the tens digit of t?
1
Suppose 5*s = 5*x + 195, 4*x + 22 = -2*s + 70. What is the units digit of s?
4
Let s(i) = i**2 - 5*i + 5. Let g be s(5). Let t(c) = -3*c - 3. Let j(y) = y + 1. Let u(p) = -2*j(p) - t(p). What is the units digit of u(g)?
6
What is the units digit of (-6 - -3)/((-15)/25)?
5
Suppose 0*f + 4*f = 112. What is the units digit of f?
8
Let u(g) be the third derivative of -7/6*g**3 + 0 + 1/15*g**5 + 0*g - 1/3*g**4 + 1/120*g**6 - 2*g**2. What is the units digit of u(-5)?
8
Suppose -y - 76 = -5*y. Suppose 4*x - j + y = -34, -4*x + 2*j - 58 = 0. What is the units digit of (-9)/2*16/x?
6
What is the tens digit of (-330)/(-14) + (-18)/(-42)?
2
Let d = 97 + -137. Let i(l) = -2*l. Let u be i(-4). What is the units digit of d/(-3) - u/(-12)?
4
Suppose 2*t + 1 = 9. Suppose 2*n = 3*i - 3, -t*i - 2*n = -2 - 2. What is the units digit of i?
1
Suppose -3*b = b. Let p = 4 + b. Suppose -f - 3*t = 2*f - 48, 2*f - p*t - 8 = 0. What is the units digit of f?
2
Let l = 34 + -16. Suppose 5*p - l = 22. What is the units digit of (p/5)/((-3)/(-15))?
8
Let h(o) = -o**2 - 7*o - 3. Let k be h(-6). Suppose 0*q - k*v + 9 = -q, 0 = 4*q - 5*v + 1. Let p = q + 0. What is the units digit of p?
6
Let i = 16 - -2. Suppose -j - i = 2*j. What is the units digit of (-42)/(-9) - 2/j?
5
Let p(a) = a**3 - 13*a**2 + 14*a - 11. Let v be -6 - -9 - 3*-3. What is the units digit of p(v)?
3
Let s(m) = m**3 - 3*m**2 - 4*m + 4. Suppose -5*o + 57 = 2*c, -4*o = 3*c - 0*c - 47. Let k = o - 7. What is the units digit of s(k)?
4
Let j(o) = -o**3 + o**2 - o + 5. Let s be j(0). Let n be 0/(1 + 2 + -2). Suppose -s*z + n*z + 10 = 0. What is the units digit of z?
2
Let c = -76 - -127. What is the units digit of c?
1
Suppose 5*f + k - 2 = 3, 2*f = -3*k - 11. Suppose -f*r + 1 = -3. Suppose -q = r*c - 3*q - 12, -q - 10 = -5*c. What is the units digit of c?
1
Let w be (226*-1)/(-2 - 0). Suppose 3*i - w = -17. Suppose i = -2*x + 6*x. What is the units digit of x?
8
Let n = -3 - -5. Suppose -23 = -n*g + 15. Wha